{"id":522,"date":"2026-03-09T17:52:23","date_gmt":"2026-03-09T17:52:23","guid":{"rendered":"https:\/\/ben.preprod.4runners.fr\/?page_id=522"},"modified":"2026-03-29T09:10:13","modified_gmt":"2026-03-29T09:10:13","slug":"la-plateforme","status":"publish","type":"page","link":"https:\/\/ben.preprod.4runners.fr\/?page_id=522","title":{"rendered":"LA PLATEFORME"},"content":{"rendered":"<h2 class=\"has-text-align-center wp-block-heading\">\u00c9TAT ACTUEL DE PLATEFORME ?<\/h2>\n\nLa plateforme propose des vid\u00e9os courtes centr\u00e9es sur des situations concr\u00e8tes rencontr\u00e9es lors de la r\u00e9alisation des diagnostics immobiliers.\nLes extraits ci-dessous pr\u00e9sentent quelques exemples de s\u00e9quences :\nLa plateforme propose des vid\u00e9os courtes centr\u00e9es sur des situations concr\u00e8tes rencontr\u00e9es lors de la r\u00e9alisation des diagnostics immobiliers.\n<br><br>Les extraits ci-dessous pr\u00e9sentent quelques exemples de s\u00e9quences :\n\n<h3 class=\"wp-block-heading\">Les vid\u00e9os vous permettront de :<\/h3>\n\n<figure class=\"wp-block-image size-large\"><img loading=\"lazy\" decoding=\"async\" width=\"1024\" height=\"853\" src=\"https:\/\/ben.preprod.4runners.fr\/wp-content\/uploads\/2026\/03\/diagnostiqueur-immobilier-experimente-1024x853.jpg\" class=\"wp-image-926\" srcset=\"https:\/\/ben.preprod.4runners.fr\/wp-content\/uploads\/2026\/03\/diagnostiqueur-immobilier-experimente-1024x853.jpg 1024w, https:\/\/ben.preprod.4runners.fr\/wp-content\/uploads\/2026\/03\/diagnostiqueur-immobilier-experimente-300x250.jpg 300w, https:\/\/ben.preprod.4runners.fr\/wp-content\/uploads\/2026\/03\/diagnostiqueur-immobilier-experimente-768x640.jpg 768w, https:\/\/ben.preprod.4runners.fr\/wp-content\/uploads\/2026\/03\/diagnostiqueur-immobilier-experimente.jpg 1200w\" sizes=\"auto, (max-width: 1024px) 100vw, 1024px\" \/><\/figure>\n\n<figure class=\"wp-block-image size-large\"><img loading=\"lazy\" decoding=\"async\" width=\"1024\" height=\"853\" src=\"https:\/\/ben.preprod.4runners.fr\/wp-content\/uploads\/2026\/03\/diagnostiqueur-immobilier-certification-1024x853.jpg\" class=\"wp-image-925\" srcset=\"https:\/\/ben.preprod.4runners.fr\/wp-content\/uploads\/2026\/03\/diagnostiqueur-immobilier-certification-1024x853.jpg 1024w, https:\/\/ben.preprod.4runners.fr\/wp-content\/uploads\/2026\/03\/diagnostiqueur-immobilier-certification-300x250.jpg 300w, https:\/\/ben.preprod.4runners.fr\/wp-content\/uploads\/2026\/03\/diagnostiqueur-immobilier-certification-768x640.jpg 768w, https:\/\/ben.preprod.4runners.fr\/wp-content\/uploads\/2026\/03\/diagnostiqueur-immobilier-certification.jpg 1200w\" sizes=\"auto, (max-width: 1024px) 100vw, 1024px\" \/><\/figure>\n\n<h3 class=\"wp-block-heading\">Les vid\u00e9os vous permettront de :<\/h3>\n\n<figure class=\"wp-block-embed-youtube wp-block-embed is-type-video is-provider-youtube\"><div class=\"wp-block-embed__wrapper\">https:\/\/www.youtube.com\/watch?v=5DGo0AYOJ7s<\/div><\/figure>\n\n<h3 class=\"has-text-align-center wp-block-heading\">ANALYSE D&rsquo;UNE ISOLATION<\/h3>\n\n<figure class=\"wp-block-embed-youtube wp-block-embed is-type-video is-provider-youtube\"><div class=\"wp-block-embed__wrapper\">https:\/\/www.youtube.com\/watch?v=5DGo0AYOJ7s<\/div><\/figure>\n\n<h3 class=\"has-text-align-center wp-block-heading\">LECTURE TABLEAU ELECTRIQUE<\/h3>\n\n<h2 class=\"wp-block-heading\">QUELQUES EXTRAITS DE CONTENUS<\/h2>\n\n<figure class=\"wp-block-embed-youtube wp-block-embed is-type-video is-provider-youtube\"><div class=\"wp-block-embed__wrapper\">https:\/\/www.youtube.com\/watch?v=5DGo0AYOJ7s<\/div><\/figure>\n\n<h3 class=\"has-text-align-center wp-block-heading\">ORIENTATION DES FEN\u00caTRES<\/h3>\n\n<h1 class=\"has-text-align-center wp-block-heading\">COMMENT FONCTIONNE NOTRE PLATEFORME ?<\/h1>\n\n<p>Les supports propos\u00e9s s\u2019appuient sur <strong>des situations concr\u00e8tes<\/strong> rencontr\u00e9es sur le terrain et apportent <strong>des explications pratiques<\/strong> permettant de mieux comprendre certains \u00e9l\u00e9ments techniques et d\u2019en<strong> s\u00e9curiser l\u2019interpr\u00e9tation<\/strong> dans le respect des exigences r\u00e9glementaires.<\/p>\n\n<p>La plateforme constitue ainsi un outil d\u2019accompagnement destin\u00e9 aussi bien aux <strong>diagnostiqueurs r\u00e9cemment certifi\u00e9s<\/strong> <strong>qu\u2019aux professionnels exp\u00e9riment\u00e9s<\/strong> souhaitant consolider leurs pratiques et rester \u00e0 jour dans l\u2019exercice de leur activit\u00e9.<\/p>\n\n<p>Cette plateforme vid\u00e9o a \u00e9t\u00e9 con\u00e7ue pour <strong>accompagner les diagnostiqueurs immobiliers<\/strong> dans la r\u00e9alisation de leurs diagnostics et dans la saisie des donn\u00e9es n\u00e9cessaires \u00e0 l\u2019\u00e9tablissement de leurs rapports.<\/p>","protected":false},"excerpt":{"rendered":"<p>\u00c9TAT ACTUEL DE PLATEFORME ? La plateforme propose des vid\u00e9os courtes centr\u00e9es sur des situations concr\u00e8tes rencontr\u00e9es lors de la r\u00e9alisation des diagnostics immobiliers. Les extraits ci-dessous pr\u00e9sentent quelques exemples de s\u00e9quences : La plateforme propose des vid\u00e9os courtes centr\u00e9es sur des situations concr\u00e8tes rencontr\u00e9es lors de la r\u00e9alisation des diagnostics immobiliers. Les extraits ci-dessous [&hellip;]<\/p>\n","protected":false},"author":2,"featured_media":0,"parent":0,"menu_order":0,"comment_status":"closed","ping_status":"closed","template":"","meta":{"footnotes":""},"class_list":["post-522","page","type-page","status-publish","hentry"],"_links":{"self":[{"href":"https:\/\/ben.preprod.4runners.fr\/index.php?rest_route=\/wp\/v2\/pages\/522","targetHints":{"allow":["GET"]}}],"collection":[{"href":"https:\/\/ben.preprod.4runners.fr\/index.php?rest_route=\/wp\/v2\/pages"}],"about":[{"href":"https:\/\/ben.preprod.4runners.fr\/index.php?rest_route=\/wp\/v2\/types\/page"}],"author":[{"embeddable":true,"href":"https:\/\/ben.preprod.4runners.fr\/index.php?rest_route=\/wp\/v2\/users\/2"}],"replies":[{"embeddable":true,"href":"https:\/\/ben.preprod.4runners.fr\/index.php?rest_route=%2Fwp%2Fv2%2Fcomments&post=522"}],"version-history":[{"count":100,"href":"https:\/\/ben.preprod.4runners.fr\/index.php?rest_route=\/wp\/v2\/pages\/522\/revisions"}],"predecessor-version":[{"id":977,"href":"https:\/\/ben.preprod.4runners.fr\/index.php?rest_route=\/wp\/v2\/pages\/522\/revisions\/977"}],"wp:attachment":[{"href":"https:\/\/ben.preprod.4runners.fr\/index.php?rest_route=%2Fwp%2Fv2%2Fmedia&parent=522"}],"curies":[{"name":"wp","href":"https:\/\/api.w.org\/{rel}","templated":true}]}}